{"id":109,"date":"2023-02-08T10:14:42","date_gmt":"2023-02-08T09:14:42","guid":{"rendered":"https:\/\/ggeingatlan.hu\/site\/?page_id=109"},"modified":"2023-03-06T09:32:57","modified_gmt":"2023-03-06T08:32:57","slug":"referenciak","status":"publish","type":"page","link":"https:\/\/ggeingatlan.hu\/site\/referenciak\/","title":{"rendered":"Referenci\u00e1k"},"content":{"rendered":"\n<div class=\"wp-block-group has-global-padding is-layout-constrained wp-block-group-is-layout-constrained\">\n<p class=\"has-text-align-left\">M\u00e1r t\u00f6bb el\u00e9gedett \u00fcgyfel\u00fcnk \u00e1tvehette a meg\u00e1lmodott csal\u00e1di h\u00e1z\u00e1t \u00e9s lak\u00e1s\u00e1t. <\/p>\n\n\n\n<p class=\"has-text-align-left\">Partnereink \u00f6r\u00f6me a kulcs\u00e1tad\u00e1skor nek\u00fcnk elmond mindent, hisz ami kor\u00e1bban csak gondolataikban volt az most k\u00e9zzel foghat\u00f3v\u00e1 v\u00e1lik.<\/p>\n\n\n\n<p class=\"has-text-align-left\">N\u00e9zd meg hogy \u00e9p\u00edt\u00fcnk mi, az elk\u00e9pzel\u00e9sb\u0151l, hogy lesz val\u00f3s\u00e1g:<\/p>\n<\/div>\n\n\n\n<hr class=\"wp-block-separator has-text-color has-primary-color has-alpha-channel-opacity has-primary-background-color has-background\"\/>\n\n\n<div class=\"pgc-sgb-cb wp-block-pgcsimplygalleryblock-albums \" data-gallery-id=\"album_9c5893\"><div class=\"sgb-preloader\" id=\"pr_album_9c5893\">\n\t<div class=\"sgb-square\" style=\"background:#d4d4d4\"><\/div>\n\t<div class=\"sgb-square\" style=\"background:#d4d4d4\"><\/div>\n\t<div class=\"sgb-square\" style=\"background:#d4d4d4\"><\/div>\n\t<div class=\"sgb-square\" style=\"background:#d4d4d4\"><\/div><\/div><div class=\"simply-gallery-amp pgc-sgb-album \" style=\"display: none;\"><div class=\"sgb-gallery\"><div class=\"sgb-item\" title=\"Csal\u00e1di h\u00e1zaink\"><a href=\"https:\/\/ggeingatlan.hu\/site\/gallery\/csaladi-hazaink\/\" target=\"_blank\"><img decoding=\"async\" alt=\"Csal\u00e1di h\u00e1zaink\" width=\"250\" height=\"250\" loading=\"lazy\" src=\"https:\/\/ggeingatlan.hu\/site\/wp-content\/uploads\/2023\/03\/csaladi_hazak_5-150x150.jpg\" \/><\/a><div class=\"sgb-item-caption\"><em>Csal\u00e1di h\u00e1zaink<\/em><\/div><\/div><div class=\"sgb-item\" title=\"Csal\u00e1di h\u00e1z\"><a href=\"https:\/\/ggeingatlan.hu\/site\/gallery\/csaladi-haz\/\" target=\"_blank\"><img decoding=\"async\" alt=\"Csal\u00e1di h\u00e1z\" width=\"250\" height=\"250\" loading=\"lazy\" src=\"https:\/\/ggeingatlan.hu\/site\/wp-content\/uploads\/2023\/03\/csaladi_haz_2-150x150.jpeg\" \/><\/a><div class=\"sgb-item-caption\"><em>Csal\u00e1di h\u00e1z<\/em><\/div><\/div><div class=\"sgb-item\" title=\"Lev\u00e9li t\u00e1rsash\u00e1zak\"><a href=\"https:\/\/ggeingatlan.hu\/site\/gallery\/leveli-tarsashazak\/\" target=\"_blank\"><img decoding=\"async\" alt=\"Lev\u00e9li t\u00e1rsash\u00e1zak\" width=\"250\" height=\"250\" loading=\"lazy\" src=\"https:\/\/ggeingatlan.hu\/site\/wp-content\/uploads\/2023\/02\/TarsasLevelRef006-150x150.jpg\" \/><\/a><div class=\"sgb-item-caption\"><em>Lev\u00e9li t\u00e1rsash\u00e1zak<\/em><\/div><\/div><div class=\"sgb-item\" title=\"Hegyeshalmi t\u00e1rsash\u00e1zak\"><a href=\"https:\/\/ggeingatlan.hu\/site\/gallery\/hegyeshalmi-tarsashazak\/\" target=\"_blank\"><img decoding=\"async\" alt=\"Hegyeshalmi t\u00e1rsash\u00e1zak\" width=\"250\" height=\"250\" loading=\"lazy\" src=\"https:\/\/ggeingatlan.hu\/site\/wp-content\/uploads\/2023\/03\/tarsashaz_hegyeshalom_b1-150x150.jpg\" \/><\/a><div class=\"sgb-item-caption\"><em>Hegyeshalmi t\u00e1rsash\u00e1zak<\/em><\/div><\/div><\/div><\/div><script type=\"application\/json\" class=\"sgb-data\">{\"presetName\":\"none\",\"skin\":\"albums\",\"galleryId\":\"album_9c5893\",\"taxonomyId\":\"10\",\"galleries\":[{\"title\":\"Csal\\u00e1di h\\u00e1zaink\",\"ID\":263,\"id\":263,\"modified\":\"2023-03-06 09:33:36\",\"date\":\"2023-02-10 13:20:49\",\"postLink\":\"https:\\\/\\\/ggeingatlan.hu\\\/site\\\/gallery\\\/csaladi-hazaink\\\/\",\"type\":\"pgc_simply_gallery\",\"slug\":\"csaladi-hazaink\",\"thumbURL\":\"https:\\\/\\\/ggeingatlan.hu\\\/site\\\/wp-content\\\/uploads\\\/2023\\\/03\\\/csaladi_hazak_5-150x150.jpg\",\"thumb\":{\"thumbnail\":{\"height\":150,\"width\":150,\"url\":\"https:\\\/\\\/ggeingatlan.hu\\\/site\\\/wp-content\\\/uploads\\\/2023\\\/03\\\/csaladi_hazak_5-150x150.jpg\",\"orientation\":\"landscape\"},\"medium\":{\"height\":225,\"width\":300,\"url\":\"https:\\\/\\\/ggeingatlan.hu\\\/site\\\/wp-content\\\/uploads\\\/2023\\\/03\\\/csaladi_hazak_5-300x225.jpg\",\"orientation\":\"landscape\"},\"full\":{\"url\":\"https:\\\/\\\/ggeingatlan.hu\\\/site\\\/wp-content\\\/uploads\\\/2023\\\/03\\\/csaladi_hazak_5.jpg\",\"height\":720,\"width\":960,\"orientation\":\"landscape\"}}},{\"title\":\"Csal\\u00e1di h\\u00e1z\",\"ID\":385,\"id\":385,\"modified\":\"2023-03-03 11:42:26\",\"date\":\"2023-02-14 11:52:23\",\"postLink\":\"https:\\\/\\\/ggeingatlan.hu\\\/site\\\/gallery\\\/csaladi-haz\\\/\",\"type\":\"pgc_simply_gallery\",\"slug\":\"csaladi-haz\",\"thumbURL\":\"https:\\\/\\\/ggeingatlan.hu\\\/site\\\/wp-content\\\/uploads\\\/2023\\\/03\\\/csaladi_haz_2-150x150.jpeg\",\"thumb\":{\"thumbnail\":{\"height\":150,\"width\":150,\"url\":\"https:\\\/\\\/ggeingatlan.hu\\\/site\\\/wp-content\\\/uploads\\\/2023\\\/03\\\/csaladi_haz_2-150x150.jpeg\",\"orientation\":\"landscape\"},\"medium\":{\"height\":225,\"width\":300,\"url\":\"https:\\\/\\\/ggeingatlan.hu\\\/site\\\/wp-content\\\/uploads\\\/2023\\\/03\\\/csaladi_haz_2-300x225.jpeg\",\"orientation\":\"landscape\"},\"large\":{\"height\":768,\"width\":1024,\"url\":\"https:\\\/\\\/ggeingatlan.hu\\\/site\\\/wp-content\\\/uploads\\\/2023\\\/03\\\/csaladi_haz_2-1024x768.jpeg\",\"orientation\":\"landscape\"},\"full\":{\"url\":\"https:\\\/\\\/ggeingatlan.hu\\\/site\\\/wp-content\\\/uploads\\\/2023\\\/03\\\/csaladi_haz_2-scaled.jpeg\",\"height\":1080,\"width\":1440,\"orientation\":\"landscape\"}}},{\"title\":\"Lev\\u00e9li t\\u00e1rsash\\u00e1zak\",\"ID\":460,\"id\":460,\"modified\":\"2023-02-23 10:55:56\",\"date\":\"2023-02-15 11:52:42\",\"postLink\":\"https:\\\/\\\/ggeingatlan.hu\\\/site\\\/gallery\\\/leveli-tarsashazak\\\/\",\"type\":\"pgc_simply_gallery\",\"slug\":\"leveli-tarsashazak\",\"thumbURL\":\"https:\\\/\\\/ggeingatlan.hu\\\/site\\\/wp-content\\\/uploads\\\/2023\\\/02\\\/TarsasLevelRef006-150x150.jpg\",\"thumb\":{\"thumbnail\":{\"height\":150,\"width\":150,\"url\":\"https:\\\/\\\/ggeingatlan.hu\\\/site\\\/wp-content\\\/uploads\\\/2023\\\/02\\\/TarsasLevelRef006-150x150.jpg\",\"orientation\":\"landscape\"},\"medium\":{\"height\":169,\"width\":300,\"url\":\"https:\\\/\\\/ggeingatlan.hu\\\/site\\\/wp-content\\\/uploads\\\/2023\\\/02\\\/TarsasLevelRef006-300x169.jpg\",\"orientation\":\"landscape\"},\"large\":{\"height\":576,\"width\":1024,\"url\":\"https:\\\/\\\/ggeingatlan.hu\\\/site\\\/wp-content\\\/uploads\\\/2023\\\/02\\\/TarsasLevelRef006-1024x576.jpg\",\"orientation\":\"landscape\"},\"full\":{\"url\":\"https:\\\/\\\/ggeingatlan.hu\\\/site\\\/wp-content\\\/uploads\\\/2023\\\/02\\\/TarsasLevelRef006-scaled.jpg\",\"height\":1080,\"width\":1920,\"orientation\":\"landscape\"}}},{\"title\":\"Hegyeshalmi t\\u00e1rsash\\u00e1zak\",\"ID\":828,\"id\":828,\"modified\":\"2023-03-03 11:44:32\",\"date\":\"2023-03-03 11:44:05\",\"postLink\":\"https:\\\/\\\/ggeingatlan.hu\\\/site\\\/gallery\\\/hegyeshalmi-tarsashazak\\\/\",\"type\":\"pgc_simply_gallery\",\"slug\":\"hegyeshalmi-tarsashazak\",\"thumbURL\":\"https:\\\/\\\/ggeingatlan.hu\\\/site\\\/wp-content\\\/uploads\\\/2023\\\/03\\\/tarsashaz_hegyeshalom_b1-150x150.jpg\",\"thumb\":{\"thumbnail\":{\"height\":150,\"width\":150,\"url\":\"https:\\\/\\\/ggeingatlan.hu\\\/site\\\/wp-content\\\/uploads\\\/2023\\\/03\\\/tarsashaz_hegyeshalom_b1-150x150.jpg\",\"orientation\":\"landscape\"},\"medium\":{\"height\":225,\"width\":300,\"url\":\"https:\\\/\\\/ggeingatlan.hu\\\/site\\\/wp-content\\\/uploads\\\/2023\\\/03\\\/tarsashaz_hegyeshalom_b1-300x225.jpg\",\"orientation\":\"landscape\"},\"large\":{\"height\":768,\"width\":1024,\"url\":\"https:\\\/\\\/ggeingatlan.hu\\\/site\\\/wp-content\\\/uploads\\\/2023\\\/03\\\/tarsashaz_hegyeshalom_b1-1024x768.jpg\",\"orientation\":\"landscape\"},\"full\":{\"url\":\"https:\\\/\\\/ggeingatlan.hu\\\/site\\\/wp-content\\\/uploads\\\/2023\\\/03\\\/tarsashaz_hegyeshalom_b1-scaled.jpg\",\"height\":1080,\"width\":1440,\"orientation\":\"landscape\"}}}],\"coverTipLabel\":\"T\\u00f6bb\"}<\/script><script type=\"text\/javascript\">(function(){if(window.PGC_SGB && window.PGC_SGB.searcher){window.PGC_SGB.searcher.initBlocks()}})()<\/script><\/div>","protected":false},"excerpt":{"rendered":"<p>M\u00e1r t\u00f6bb el\u00e9gedett \u00fcgyfel\u00fcnk \u00e1tvehette a meg\u00e1lmodott csal\u00e1di h\u00e1z\u00e1t \u00e9s lak\u00e1s\u00e1t. Partnereink \u00f6r\u00f6me a kulcs\u00e1tad\u00e1skor nek\u00fcnk elmond mindent, hisz ami kor\u00e1bban csak gondolataikban volt az most k\u00e9zzel foghat\u00f3v\u00e1 v\u00e1lik. N\u00e9zd meg hogy \u00e9p\u00edt\u00fcnk mi, az elk\u00e9pzel\u00e9sb\u0151l, hogy lesz val\u00f3s\u00e1g:<\/p>\n","protected":false},"author":1,"featured_media":0,"parent":0,"menu_order":0,"comment_status":"closed","ping_status":"closed","template":"","meta":{"_monsterinsights_skip_tracking":false,"_monsterinsights_sitenote_active":false,"_monsterinsights_sitenote_note":"","_monsterinsights_sitenote_category":0,"pgc_sgb_lightbox_settings":"","footnotes":""},"class_list":["post-109","page","type-page","status-publish","hentry"],"aioseo_notices":[],"_links":{"self":[{"href":"https:\/\/ggeingatlan.hu\/site\/wp-json\/wp\/v2\/pages\/109","targetHints":{"allow":["GET"]}}],"collection":[{"href":"https:\/\/ggeingatlan.hu\/site\/wp-json\/wp\/v2\/pages"}],"about":[{"href":"https:\/\/ggeingatlan.hu\/site\/wp-json\/wp\/v2\/types\/page"}],"author":[{"embeddable":true,"href":"https:\/\/ggeingatlan.hu\/site\/wp-json\/wp\/v2\/users\/1"}],"replies":[{"embeddable":true,"href":"https:\/\/ggeingatlan.hu\/site\/wp-json\/wp\/v2\/comments?post=109"}],"version-history":[{"count":9,"href":"https:\/\/ggeingatlan.hu\/site\/wp-json\/wp\/v2\/pages\/109\/revisions"}],"predecessor-version":[{"id":844,"href":"https:\/\/ggeingatlan.hu\/site\/wp-json\/wp\/v2\/pages\/109\/revisions\/844"}],"wp:attachment":[{"href":"https:\/\/ggeingatlan.hu\/site\/wp-json\/wp\/v2\/media?parent=109"}],"curies":[{"name":"wp","href":"https:\/\/api.w.org\/{rel}","templated":true}]}}