{"id":863,"date":"2023-03-17T10:36:34","date_gmt":"2023-03-17T09:36:34","guid":{"rendered":"https:\/\/ggeingatlan.hu\/site\/?page_id=863"},"modified":"2023-03-17T10:36:35","modified_gmt":"2023-03-17T09:36:35","slug":"szechenyi-2020","status":"publish","type":"page","link":"https:\/\/ggeingatlan.hu\/site\/szechenyi-2020\/","title":{"rendered":"Sz\u00e9chenyi 2020"},"content":{"rendered":"\n<h2 class=\"wp-block-heading\">GINOP-8.3.5-18\/B<\/h2>\n\n\n\n<div class=\"wp-block-columns is-layout-flex wp-container-core-columns-is-layout-28f84493 wp-block-columns-is-layout-flex\">\n<div class=\"wp-block-column is-layout-flow wp-block-column-is-layout-flow\">\n<p><strong>A kedvezm\u00e9nyezett neve: <\/strong>GGE Invest \u00c9p\u00edt\u0151ipari Kft.<strong><br>A projekt c\u00edme:\u00a0<\/strong>Mikro-, kis- \u00e9s k\u00f6z\u00e9pv\u00e1llalkoz\u00e1sok technol\u00f3giai korszer\u0171s\u00edt\u00e9se c\u00e9l\u00fa Hitelprogram<strong><br>Szerz\u0151d\u00e9s sz\u00e1ma:\u00a0<\/strong>GINOP-8.3.5-18\/B<strong><br>T\u00e1mogat\u00e1s \u00f6sszege:\u00a0<\/strong>100.000.000 Ft.<br><strong>P\u00e1ly\u00e1zat z\u00e1r\u00f3 d\u00e1tuma:<\/strong> 2023. december 31.\u00a0<\/p>\n<\/div>\n\n\n\n<div class=\"wp-block-column is-layout-flow wp-block-column-is-layout-flow\">\n<figure class=\"wp-block-image size-full\"><img loading=\"lazy\" decoding=\"async\" width=\"434\" height=\"300\" src=\"https:\/\/ggeingatlan.hu\/site\/wp-content\/uploads\/2023\/03\/logo-sz2020.jpg\" alt=\"\" class=\"wp-image-864\" srcset=\"https:\/\/ggeingatlan.hu\/site\/wp-content\/uploads\/2023\/03\/logo-sz2020.jpg 434w, https:\/\/ggeingatlan.hu\/site\/wp-content\/uploads\/2023\/03\/logo-sz2020-300x207.jpg 300w\" sizes=\"auto, (max-width: 434px) 100vw, 434px\" \/><\/figure>\n<\/div>\n<\/div>\n\n\n\n<p><\/p>\n","protected":false},"excerpt":{"rendered":"<p>GINOP-8.3.5-18\/B A kedvezm\u00e9nyezett neve: GGE Invest \u00c9p\u00edt\u0151ipari Kft.A projekt c\u00edme:\u00a0Mikro-, kis- \u00e9s k\u00f6z\u00e9pv\u00e1llalkoz\u00e1sok technol\u00f3giai korszer\u0171s\u00edt\u00e9se c\u00e9l\u00fa HitelprogramSzerz\u0151d\u00e9s sz\u00e1ma:\u00a0GINOP-8.3.5-18\/BT\u00e1mogat\u00e1s \u00f6sszege:\u00a0100.000.000 Ft.P\u00e1ly\u00e1zat z\u00e1r\u00f3 d\u00e1tuma: 2023. december 31.\u00a0<\/p>\n","protected":false},"author":1,"featured_media":0,"parent":0,"menu_order":0,"comment_status":"closed","ping_status":"closed","template":"","meta":{"_monsterinsights_skip_tracking":false,"_monsterinsights_sitenote_active":false,"_monsterinsights_sitenote_note":"","_monsterinsights_sitenote_category":0,"pgc_sgb_lightbox_settings":"","footnotes":""},"class_list":["post-863","page","type-page","status-publish","hentry"],"aioseo_notices":[],"_links":{"self":[{"href":"https:\/\/ggeingatlan.hu\/site\/wp-json\/wp\/v2\/pages\/863","targetHints":{"allow":["GET"]}}],"collection":[{"href":"https:\/\/ggeingatlan.hu\/site\/wp-json\/wp\/v2\/pages"}],"about":[{"href":"https:\/\/ggeingatlan.hu\/site\/wp-json\/wp\/v2\/types\/page"}],"author":[{"embeddable":true,"href":"https:\/\/ggeingatlan.hu\/site\/wp-json\/wp\/v2\/users\/1"}],"replies":[{"embeddable":true,"href":"https:\/\/ggeingatlan.hu\/site\/wp-json\/wp\/v2\/comments?post=863"}],"version-history":[{"count":1,"href":"https:\/\/ggeingatlan.hu\/site\/wp-json\/wp\/v2\/pages\/863\/revisions"}],"predecessor-version":[{"id":866,"href":"https:\/\/ggeingatlan.hu\/site\/wp-json\/wp\/v2\/pages\/863\/revisions\/866"}],"wp:attachment":[{"href":"https:\/\/ggeingatlan.hu\/site\/wp-json\/wp\/v2\/media?parent=863"}],"curies":[{"name":"wp","href":"https:\/\/api.w.org\/{rel}","templated":true}]}}